{"id":471,"date":"2014-10-19T14:02:41","date_gmt":"2014-10-19T13:02:41","guid":{"rendered":"http:\/\/v2.parlonslamort.fr\/?page_id=471"},"modified":"2023-05-04T18:08:16","modified_gmt":"2023-05-04T17:08:16","slug":"regards-croises","status":"publish","type":"page","link":"https:\/\/www.parlonslamort.fr\/?page_id=471","title":{"rendered":"Regards crois\u00e9s"},"content":{"rendered":"<div class=\"su-row\">\n<div class=\"su-column su-column-size-1-2\"><div class=\"su-column-inner su-u-clearfix su-u-trim\">\n<h3><strong><span style=\"color: #f36b21;\">La mort incite \u00e0 la fraternit\u00e9 <\/span>&#8211; Tugdual Derville<br \/>\n<\/strong><\/h3>\n<p>La peur, la souffrance et la peine provoqu\u00e9es par la mort dans un monde qui la consid\u00e8re avec de moins en moins de familiarit\u00e9, o\u00f9 les rites de deuil ont pratiquement tous disparu, en ont fait un sujet interdit pour beaucoup.\u00a0Or la mort\u00a0est un point commun, un lieu d\u2019<strong>expression de la fragilit\u00e9<\/strong>, de\u00a0<strong>consentement \u00e0 la vuln\u00e9rabilit\u00e9<\/strong>. La mort d\u2019autrui, pas seulement d\u2019un proche, r\u00e9sonne comme un envoi\u2009: elle nous incite \u00e0 donner le meilleur au reste de notre vie.\u00a0Penser, et parler la mort n\u00e9cessite une infinie d\u00e9licatesse, mais cela nous incite tous \u00e0 vivre de fa\u00e7on plus concentr\u00e9e, moins tr\u00e9pidante, et donne des forces pour la vie<\/p>\n<p><strong>TUGDUAL DERVILLE<\/strong>, D\u00e9l\u00e9gu\u00e9 g\u00e9n\u00e9ral d&#8217;Alliance VITA<\/p>\n<h3 style=\"text-align: center;\">&#8212;&#8212;&#8212;&#8212;&#8212;&#8212;<\/h3>\n<h3><strong><span style=\"color: #f36b21;\">La mort et le philosophe<\/span> &#8211; Jacques Ricot<\/strong><\/h3>\n<p>La mort en g\u00e9n\u00e9ral ne me concerne pas, la mort du proche renvoie \u00e0 un myst\u00e8re. Je ne pense pas authentiquement ces morts. Et je ne peux pas davantage penser la mienne, sous peine de me contredire\u00a0: l\u00e0 o\u00f9 je suis, la mort n\u2019est pas, l\u00e0 o\u00f9 la mort est, je ne suis pas. La logique d\u2019\u00c9picure est impeccable. Mais suffit-il d\u2019\u00eatre logique pour \u00e9liminer la crainte de la mort\u00a0?\u00a0En m\u00eame temps que l\u2019homme sait qu\u2019il va mourir, sans m\u00eame savoir ce que c\u2019est que mourir, il sait que son existence est constitu\u00e9e comme finie. Parce que la vie n\u2019est pas ind\u00e9finie, parce que les jours sont compt\u00e9s, ils comptent. L\u2019acceptation de la mort permet alors \u00e0 l\u2019homme de conqu\u00e9rir intensit\u00e9 et authenticit\u00e9.<\/p>\n<p><em>Extrait du livre \u00ab Parlons la mort \u00bb qui sera pr\u00e9sent\u00e9 jeudi 23 octobre, lors de la conf\u00e9rence de presse national sur la campagne.<\/em><\/p>\n<p><strong>JACQUES RICOT,<\/strong> philosophe<\/p>\n<\/div><\/div>\n<div class=\"su-column su-column-size-1-2\"><div class=\"su-column-inner su-u-clearfix su-u-trim\">\n<h3><strong><span style=\"color: #f36b21;\">Le deuil : l\u2019autre tabou <\/span>&#8211; Tanguy Ch\u00e2tel<\/strong><\/h3>\n<p>L\u2019endeuill\u00e9 (comme le mourant) a sans doute besoin d\u2019\u00eatre m\u00e9dicalement soulag\u00e9. Il a aussi et surtout besoin d\u2019\u00eatre entendu, avec l\u2019oreille et le c\u0153ur, sans fard ni fanfare. D\u2019un point de vue anthropologique, cette <em>nouvelle conspiration du silence autour de la mort <\/em>constitue une n\u00e9gation de l\u2019exp\u00e9rience humaine vivante expos\u00e9e \u00e0 la finitude et \u00e0 l\u2019\u00e9preuve. D\u2019un point de vue sociologique, elle constitue un fl\u00e9au social autant que sanitaire.<\/p>\n<p><em>Extrait du livre &#8220;Parlons la mort&#8221; qui sera pr\u00e9sent\u00e9 jeudi 23 octobre, lors de la conf\u00e9rence de presse national sur la campagne.<\/em><\/p>\n<p><strong>TANGUY CHATEL<\/strong>, sociologue<\/p>\n<h3 style=\"text-align: center;\">&#8212;&#8212;&#8212;&#8212;&#8212;&#8212;<\/h3>\n<h3><span style=\"color: #f36b21;\">Le deuil pour grandir<\/span> &#8211; Anne Davigo<\/h3>\n<p>Celui qui a v\u00e9cu le deuil d\u2019un \u00eatre cher sait quel chemin il a parcouru depuis l\u2019instant de ce drame. Ou, du moins, il le per\u00e7oit plus ou moins consciemment.\u00a0Nous ne sommes en deuil que si nous avons aim\u00e9. Plus nous avons aim\u00e9, plus notre deuil sera important \u2013 je n\u2019ai pas dit \u00ab\u00a0long\u00a0\u00bb, car la longueur existe et varie selon chacun. Plus j\u2019ai aim\u00e9 une personne, un pays, une exp\u00e9rience, une \u00e9quipe, etc., plus j\u2019ai investi ma propre personne dans ma relation avec elle, c\u2019est-\u00e0-dire mon identit\u00e9, ma construction identitaire.<\/p>\n<p><em>Extrait du livre &#8220;Parlons la mort&#8221; qui sera pr\u00e9sent\u00e9 jeudi 23 octobre, lors de la conf\u00e9rence de presse national sur la campagne.<\/em><\/p>\n<p><strong>ANNE DAVIGO<\/strong>, psychoth\u00e9rapeute<\/p>\n<\/div><\/div> <\/div>\n","protected":false},"excerpt":{"rendered":"","protected":false},"author":2,"featured_media":0,"parent":0,"menu_order":14,"comment_status":"open","ping_status":"open","template":"","meta":{"footnotes":""},"class_list":["post-471","page","type-page","status-publish","hentry"],"yoast_head":"<!-- This site is optimized with the Yoast SEO plugin v23.4 - https:\/\/yoast.com\/wordpress\/plugins\/seo\/ -->\n<title>Regards crois\u00e9s - Parlons la Mort<\/title>\n<meta name=\"robots\" content=\"index, follow, max-snippet:-1, max-image-preview:large, max-video-preview:-1\" \/>\n<link rel=\"canonical\" href=\"https:\/\/www.parlonslamort.fr\/?page_id=471\" \/>\n<meta property=\"og:locale\" content=\"fr_FR\" \/>\n<meta property=\"og:type\" content=\"article\" \/>\n<meta property=\"og:title\" content=\"Regards crois\u00e9s - Parlons la Mort\" \/>\n<meta property=\"og:url\" content=\"https:\/\/www.parlonslamort.fr\/?page_id=471\" \/>\n<meta property=\"og:site_name\" content=\"Parlons la Mort\" \/>\n<meta property=\"article:publisher\" content=\"https:\/\/www.facebook.com\/parlonslamort\" \/>\n<meta property=\"article:modified_time\" content=\"2023-05-04T17:08:16+00:00\" \/>\n<meta property=\"og:image\" content=\"https:\/\/www.parlonslamort.fr\/wp-content\/uploads\/2014\/05\/parlonslamort.jpg\" \/>\n\t<meta property=\"og:image:width\" content=\"500\" \/>\n\t<meta property=\"og:image:height\" content=\"500\" \/>\n\t<meta property=\"og:image:type\" content=\"image\/jpeg\" \/>\n<meta name=\"twitter:label1\" content=\"Dur\u00e9e de lecture estim\u00e9e\" \/>\n\t<meta name=\"twitter:data1\" content=\"3 minutes\" \/>\n<script type=\"application\/ld+json\" class=\"yoast-schema-graph\">{\"@context\":\"https:\/\/schema.org\",\"@graph\":[{\"@type\":\"WebPage\",\"@id\":\"https:\/\/www.parlonslamort.fr\/?page_id=471\",\"url\":\"https:\/\/www.parlonslamort.fr\/?page_id=471\",\"name\":\"Regards crois\u00e9s - Parlons la Mort\",\"isPartOf\":{\"@id\":\"https:\/\/www.parlonslamort.fr\/#website\"},\"datePublished\":\"2014-10-19T13:02:41+00:00\",\"dateModified\":\"2023-05-04T17:08:16+00:00\",\"breadcrumb\":{\"@id\":\"https:\/\/www.parlonslamort.fr\/?page_id=471#breadcrumb\"},\"inLanguage\":\"fr-FR\",\"potentialAction\":[{\"@type\":\"ReadAction\",\"target\":[\"https:\/\/www.parlonslamort.fr\/?page_id=471\"]}]},{\"@type\":\"BreadcrumbList\",\"@id\":\"https:\/\/www.parlonslamort.fr\/?page_id=471#breadcrumb\",\"itemListElement\":[{\"@type\":\"ListItem\",\"position\":1,\"name\":\"Accueil\",\"item\":\"https:\/\/www.parlonslamort.fr\/\"},{\"@type\":\"ListItem\",\"position\":2,\"name\":\"Regards crois\u00e9s\"}]},{\"@type\":\"WebSite\",\"@id\":\"https:\/\/www.parlonslamort.fr\/#website\",\"url\":\"https:\/\/www.parlonslamort.fr\/\",\"name\":\"Parlons la Mort\",\"description\":\"Qu&#039;est-ce que la mort nous dit de la vie ?\",\"potentialAction\":[{\"@type\":\"SearchAction\",\"target\":{\"@type\":\"EntryPoint\",\"urlTemplate\":\"https:\/\/www.parlonslamort.fr\/?s={search_term_string}\"},\"query-input\":{\"@type\":\"PropertyValueSpecification\",\"valueRequired\":true,\"valueName\":\"search_term_string\"}}],\"inLanguage\":\"fr-FR\"}]}<\/script>\n<!-- \/ Yoast SEO plugin. -->","yoast_head_json":{"title":"Regards crois\u00e9s - Parlons la Mort","robots":{"index":"index","follow":"follow","max-snippet":"max-snippet:-1","max-image-preview":"max-image-preview:large","max-video-preview":"max-video-preview:-1"},"canonical":"https:\/\/www.parlonslamort.fr\/?page_id=471","og_locale":"fr_FR","og_type":"article","og_title":"Regards crois\u00e9s - Parlons la Mort","og_url":"https:\/\/www.parlonslamort.fr\/?page_id=471","og_site_name":"Parlons la Mort","article_publisher":"https:\/\/www.facebook.com\/parlonslamort","article_modified_time":"2023-05-04T17:08:16+00:00","og_image":[{"width":500,"height":500,"url":"https:\/\/www.parlonslamort.fr\/wp-content\/uploads\/2014\/05\/parlonslamort.jpg","type":"image\/jpeg"}],"twitter_misc":{"Dur\u00e9e de lecture estim\u00e9e":"3 minutes"},"schema":{"@context":"https:\/\/schema.org","@graph":[{"@type":"WebPage","@id":"https:\/\/www.parlonslamort.fr\/?page_id=471","url":"https:\/\/www.parlonslamort.fr\/?page_id=471","name":"Regards crois\u00e9s - Parlons la Mort","isPartOf":{"@id":"https:\/\/www.parlonslamort.fr\/#website"},"datePublished":"2014-10-19T13:02:41+00:00","dateModified":"2023-05-04T17:08:16+00:00","breadcrumb":{"@id":"https:\/\/www.parlonslamort.fr\/?page_id=471#breadcrumb"},"inLanguage":"fr-FR","potentialAction":[{"@type":"ReadAction","target":["https:\/\/www.parlonslamort.fr\/?page_id=471"]}]},{"@type":"BreadcrumbList","@id":"https:\/\/www.parlonslamort.fr\/?page_id=471#breadcrumb","itemListElement":[{"@type":"ListItem","position":1,"name":"Accueil","item":"https:\/\/www.parlonslamort.fr\/"},{"@type":"ListItem","position":2,"name":"Regards crois\u00e9s"}]},{"@type":"WebSite","@id":"https:\/\/www.parlonslamort.fr\/#website","url":"https:\/\/www.parlonslamort.fr\/","name":"Parlons la Mort","description":"Qu&#039;est-ce que la mort nous dit de la vie ?","potentialAction":[{"@type":"SearchAction","target":{"@type":"EntryPoint","urlTemplate":"https:\/\/www.parlonslamort.fr\/?s={search_term_string}"},"query-input":{"@type":"PropertyValueSpecification","valueRequired":true,"valueName":"search_term_string"}}],"inLanguage":"fr-FR"}]}},"_links":{"self":[{"href":"https:\/\/www.parlonslamort.fr\/index.php?rest_route=\/wp\/v2\/pages\/471"}],"collection":[{"href":"https:\/\/www.parlonslamort.fr\/index.php?rest_route=\/wp\/v2\/pages"}],"about":[{"href":"https:\/\/www.parlonslamort.fr\/index.php?rest_route=\/wp\/v2\/types\/page"}],"author":[{"embeddable":true,"href":"https:\/\/www.parlonslamort.fr\/index.php?rest_route=\/wp\/v2\/users\/2"}],"replies":[{"embeddable":true,"href":"https:\/\/www.parlonslamort.fr\/index.php?rest_route=%2Fwp%2Fv2%2Fcomments&post=471"}],"version-history":[{"count":39,"href":"https:\/\/www.parlonslamort.fr\/index.php?rest_route=\/wp\/v2\/pages\/471\/revisions"}],"predecessor-version":[{"id":727,"href":"https:\/\/www.parlonslamort.fr\/index.php?rest_route=\/wp\/v2\/pages\/471\/revisions\/727"}],"wp:attachment":[{"href":"https:\/\/www.parlonslamort.fr\/index.php?rest_route=%2Fwp%2Fv2%2Fmedia&parent=471"}],"curies":[{"name":"wp","href":"https:\/\/api.w.org\/{rel}","templated":true}]}}